-62
Evaluate -38 + -23 - -21 - -16.
-24
Calculate (-86 + 56 - (0 + 1)) + 6.
-25
-4 + (-24 - ((4 - -1) + -22)) - -82
71
What is the value of (1 - -10 - 1) + (119 + -92 - 41)?
-4
What is 103 - -2 - (5894 + -5879)?
90
What is the value of -10 + 13 + -2 + 0 + (92 - 88 - -7)?
12
What is the value of -91 + 79 + (-5 - (-7 + 1)) + 1?
-10
Evaluate 49 - 5 - -16 - (1 - 4) - (42 - 37).
58
What is 6 + -6 + -27 + 19 + 1 + -5 - -75?
63
(-75 - 0) + (18 - (-16 + 22 - -6))
-69
What is (5 - -6) + (0 - 7) + -40 + 20?
-16
Evaluate -13 - (-8 + (6 - -2)) - -9 - 65.
-69
4 + -17 + 3 + -13 + (-15 - -58)
20
What is 49 - (48 + -49) - 25?
25
Calculate -5 + 14 + (23 - (0 - 1) - (-327 + 316)).
44
Evaluate -83 + 53 - (6 - 19) - -13.
-4
What is the value of -6 + -1 + (10 - 17 - 10 - (-49 - -17))?
8
What is the value of -99 + 0 + (626 - 658) + -1 + 48?
-84
Evaluate (1 - 0) + 43 - (948 - 950).
46
-38 + 33 + (-32 - -48) - -98
109
Evaluate (-52 - -17) + -24 + 4 + 9 + 2.
-44
-8 + (2 - -13) + 6 + 3 + (65 - 1)
80
What is the value of (3 - -2 - 0) + (16 - (0 - (-10 + 19)))?
30
Evaluate -107 + 1 + (831 - 870) + (-2 - -59).
-88
Calculate -2 + 6 + 3 + (-16 - -19 - 0) + -90.
-80
Evaluate (-14 - ((-5 - -21 - 17) + -13)) + (6 - -39).
45
Calculate 6 + -7 - ((19 - 16) + 1 + 8).
-13
Calculate 33 - 29 - 52 - -37.
-11
-2 - ((11 - (-6 - -9)) + -7 + -9 + 0)
6
-12 - -8 - (-22 + -13 + -15)
46
What is -4 + (-7 - (-2 - -14) - -22)?
-1
Calculate 1 + -21 - 0 - (-4 + 5).
-21
What is the value of (-23 - 2) + -148 + 217 - 22?
22
Evaluate (2241 - 2244) + (-1 - 14).
-18
What is 4 - (-70 + -5) - (0 + 18) - 2?
59
What is the value of (44 + -17 - 3) + -77?
-53
Calculate (7 - (18 + -6 + -4 + (-4 - 3))) + 8.
14
(-9 - (5 + -29)) + 24 - 5
34
-101 - (23 + -35 - -10 - 27)
-72
What is the value of 9 - (10 - (-21 + 35)) - -27?
40
What is the value of (-33 - (47 - 54)) + -47?
-73
What is the value of (69 - 21) + (-10 - 11) + -4?
23
What is the value of (-33 - (35 + -12 - 52)) + (2 + 3 - 108)?
-107
What is 12 - 18 - (-11 - 31 - -23)?
13
What is the value of 55 - (15 - (-23 - -2 - -24))?
43
Calculate 2 - 0 - 29 - (2819 + -2874).
28
What is the value of -133 - (-233 + (164 - 70))?
6
Calculate (2 - (-1 - -7 - 1)) + (44 - (-54 - -43)).
52
Calculate -39 + -2 + (-818 - -816).
-43
What is the value of 2 + -8 + (-75 + 21 - -49) + -75?
-86
Calculate -11 + -58 + 49 + (-3 - -3).
-20
What is (-28 - (-19 + 40 - 47)) + (15 - -2)?
15
What is the value of 28 + -2 + -22 + 8 + 3?
15
772 - 705 - (22 - -1) - (4 - (0 - 1))
39
Evaluate -37 - (-212 + 39 + 99).
37
What is (23 - -28) + (176 - 207)?
20
What is (1 - -9 - 45) + 144 + -146?
-37
Evaluate 19 + (-154 - -166 - (32 + -3)) - 11.
-9
Calculate 38 + (-17 - -4) + (11 - -14 - 8).
42
What is (89 - (29 - -51)) + -10 + 1?
0
What is the value of -20 + 2 + -6 + 31 + -46?
-39
Evaluate 4 + (-9 - -3) - (-17 + -6 + 2).
19
(-177 - -134) + (15 - (23 + -2)) + (1 - -15)
-33
What is (-15 + 20 - 23 - -16) + (33 - (3 - 5))?
33
-94 - (-63 - (-1 + 8))
-24
-4 - 19 - -95 - 103
-31
49 + 3 - (1023 - 1000)
29
What is -1 + (0 - -2) + 30 - (-4608 + 4595)?
44
Calculate 1 + (-12 + 23 - 7) + 107 + (2 - -9).
123
-16 - (118 + -58) - -138
62
Evaluate 13 + (9 - (31 - (-5 - -10) - 12 - 2)).
10
What is the value of 38 + -11 + -22 - (3 + -21) - -7?
30
What is (1 - 36 - (-28 + 22 - 19 - -23)) + 3?
-30
What is (-5 - (0 + -2 + (39 - 45))) + 10?
13
(8 - 19) + -1 + 2 + 8 + (-7 - 19)
-28
Calculate -36 + (2 - 11 - (9 + (-5 - (10 - 3)))).
-42
(-24 - (8 + -12)) + (-78 - -67)
-31
Calculate 110 - 2 - (1537 + -1455).
26
What is the value of (-17 - -9 - 5) + 60 + (14 - 23) + 12?
50
What is the value of -7 + -8 + (-89 - -19 - (-25 - 1))?
-59
(14 - (0 + 57)) + (-5 - -10 - 6) + 7
-37
Evaluate 288 + (126 - 246) - 113.
55
Evaluate ((27 - -11) + -24 - -12) + -67.
-41
What is the value of 2 + (3 - 3) + 7 + -27 + 21 + -38?
-35
What is (8 - (-1 - -5) - (-59 - -63)) + -2?
-2
-4 + 5 + (-20 - (18 + -56))
19
Calculate 0 - -12 - (12 + -78 + (74 - 5)).
9
Calculate -24 + (-13 - 62) - -75.
-24
What is (-164 - -78 - -79 - (-1 + -102)) + -17?
79
What is the value of 10606 - 10650 - (-1 + -116)?
73
What is the value of (4 - 38) + 38 + (-16 - (2 - 2))?
-12
What is the value of 0 + (-49 - (-13 + -16))?
-20
33 - ((-11 - -33) + (-15 - 1))
27
What is the value of -8 - (3 + -5) - (-23 + 16 + 6)?
-5
-25 - ((9 - 2) + -1 + -19)
-12
What is 281 + -61 + -239 + -6 + -1?
-26
Calculate -16 + -1 - (181 + -212) - (-4 + 15).
3
Evaluate 1 - -54 - (-2284 - -2390).
-51
Calculate 1 + 6 + -5 - (-77 + 67 + -50).
62
What is 61 + (28 - 39) + 11?
61
Calculate 47 + (-6 - 40) + -5.
-4
What is -21 + 4 + (68 - -1) - 21?
31
Calculate (65 + -160 - -70) + (12 - -6).
-7
Calculate (-15 - -22) + (-96 - (8 + 6 + 2 + -23)).
-82
What is the value of 9 - (-23 - (-1 - 5) - -29)?
-3
What is the value of (-1 - -11 - -10) + (-3 - 4) + -7 + 38?
44
Evaluate 7 + -4 + (61 + -32 - 38).
-6
Evaluate (58 - 2) + 0 + -161 + 190.
85
Calculate -20 - (0 + -33) - 32.
-19
Calculate -8 - -2 - (-100 - -52) - -4.
46
What is the value of 23 + (63 - (-46 - -74)) + -5?
53
What is 54 + (107 + -91 - (25 - -2))?
43
87 + 6 + (362 - 393)
62
Calculate (7 + -20 + 0 + 6 - (0 + 5)) + 10.
-2
Evaluate -37 + -111 + 52 - -145.
49
What is the value of 214 + (-9 - 146) - (1 + 2)?
56
Calculate -384 + (472 - 67) + 3 + -2 + -25.
-3
Evaluate 65 + 1 - (-3697 - -3885).
-122
Calculate 34 - (-19 + (2 - -20 - -41)).
-10
Calculate (211 + -125 - 93) + (-1 - (54 - 2)).
-60
Evaluate -13 + 12 + (-4 - -10 - 5 - 118).
-118
Calculate -9 + 25 + 2107 + -2152.
-29
2 - -28 - (988 + -893)
-65
2 + 19 + (27 - -7 - 57 - -20)
18
Calculate -8 + -4 + 45 + -8 + -4 - -14.
35
Calculate -929 + 881 - (-2 - 42).
-4
What is the value of 37 + (14 - 49) + 8 + 136?
146
What is the value of 8 + (0 - 7) + (-312 - -324)?
13
Evaluate 2 + (-1 - 1) - -7 - ((7 - -26) + -7).
-19
Evaluate 40 + (-15 - -6) + (7 - -27).
65
Calculate -13 - ((23 - 37) + 12 + -18 - 14).
21
What is the value of (1 + 0 - -1) + (3473 - 3472)?
3
What is the value of 1 + 1 - (-70 + 72) - (59 + 5 + -6)?
-58
-15 - -41 - 31 - (10 - -4)
-19
21 + -30 + (1 + 0 + 3 - -14) + -60
-51
-59 + 125 - (-9 + 6)
69
Evaluate (14 - -1) + (-69 - (-41 - 34)).
21
Calculate 21 - (8 + 10 + -10) - -51.
64
What is the value of (24 - 36) + (1 - (5 - -97)) + (-4 - -16)?
-101
(-5 - (3 + -5 + 4)) + 15 - (-20 + 97)
-69
(6741 - 6730) + (7 - 0)
18
(0 - (-1 + 0)) + -7 - (69 + (-105 - 5))
35
Evaluate (1 - (12 + 0)) + (-1 - -4) + 17 - 28.
-19
(-20 - (44 + -77)) + -46
-33
What is the value of 11 - (7 + -9 + 3 + 14)?
-4
-7 - (-60 - -58 - (1 + 6 + -3))
-1
Calculate 1 + -19 + (49 - 43 - -14).
2
What is -42 + 0 + -44 + 37?
-49
Evaluate (51 - 11) + (17 - -7) + -35.
29
What is the value of -5 - -8 - (-2240 + 2217)?
26
(-65 - -3) + (1 + 2 - (25 - (43 + -8)))
-49
What is 26 - (59 - 1 - 26)?
-6
19 - (84 + -46) - (-1 - (10 + 5))
-3
Calculate 45 + (-25 + 61 - 20).
61
Calculate 0 + (-5 - -2) + (-49 - -32) + 20 - -94.
94
Calculate (110 - 162) + (5 - -67).
20
Evaluate -20 - (-18 + -18) - (7 - (51 - -2)).
62
What is -27 + -9 + 43 + -46?
-39
Calculate -53 + 46 - -42 - 51.
-16
-2563 - -2669 - (-5 + -2)
113
Evaluate 4 + 10 - (-7 - 3) - -17.
41
What is -1 + 20 + (-342 - (-538 - -215))?
0
-204 + (486 - 287) + (-1 - (-1 + 0 + 1))
-6
What is the value of 12 - ((-8 - 2 - (-111 + 12)) + -21)?
-56
(10 - 17 - 0) + 2 + 9 + 12 + -18
-2
What is 7 - ((48 - (1 - -21)) + -2 + -4)?
-13
What is the value of (20 - (-18 - -11 - -13)) + -105 + -15?
-106
What is (-39 + 73 - 46) + -60?
-72
(-36 - -22) + -43 + 17 + 77
37
What is the value of 0 - -2 - 19 - (86 - (114 - 111))?
-100
What is the value of 2 - ((-21 - -11) + 8) - (38 + 8 + -4)?
-38
9 + (-52 - (-118 + -21))
96
Calculate -48 - (4 + 12 + -3 + 523 + -517).
-67
What is (2 + -3 - -1 - 3) + 3576 + -3524?
49
Evaluate 0 - -4 - (-20 + -6 - -7).
23
Evaluate 471 + -416 + 2 + -36 + (-1 - 2).
18
What is (-8 + 63 - 68) + 28?
15
Calculate 2 + 0 + (-9 + 25 - 21) - (-68 - 22).
87
Evaluate (-10 - (-13 - 7 - 2)) + -49.
-37
Calculate 18 - (2 + -29 - -54) - (1 - 2).
-8
(-16 - -5 - (5 - 0)) + (29 - 49 - -25)
-11
Evaluate -147 + 39 + 128 + -114.
-94
(33 - (11 + (-10 - -36))) + (1 - -23) + 0
20
Evaluate 18 + 0 + -26 - 44 - -17.
-35
9 + -71 - ((-29 - 27) + 40)
-46
-258 - -271 - ((0 - 2) + 70)
-55
-1 - (1 + 7 + -12 - (35 - 17))
21
-16 + 12 + 2 + -